 base 12
-310a6
Convert -1859 (base 10) to base 9.
-2485
What is -5e18 (base 16) in base 8?
-57030
-218 (base 9) to base 4
-2303
2002 (base 6) to base 16
1b2
1222230 (base 5) to base 3
1012011011
What is 13113 (base 4) in base 16?
1d7
Convert 1009 (base 10) to base 12.
701
Convert 43333 (base 8) to base 3.
220212211
What is -121002112 (base 3) in base 10?
-11732
What is 67339 (base 10) in base 3?
10102101001
498 (base 10) to base 14
278
160101 (base 7) to base 11
21541
-101001110110 (base 2) to base 13
-12b0
What is 320 (base 14) in base 12?
434
What is 11 (base 2) in base 15?
3
2277 (base 8) to base 4
102333
Convert -11000011110111 (base 2) to base 10.
-12535
Convert 44a (base 16) to base 5.
13343
What is -6436 (base 14) in base 2?
-100001110010000
Convert 3415 (base 10) to base 13.
1729
Convert 4a7 (base 14) to base 16.
3a3
-21422 (base 5) to base 3
-2001002
-2206 (base 8) to base 7
-3243
What is -133273 (base 8) in base 14?
-13095
What is 6ca (base 14) in base 9?
1764
Convert -40521 (base 7) to base 2.
-10011010001000
What is 111 (base 10) in base 9?
133
-2063 (base 9) to base 11
-1158
129 (base 13) to base 12
150
-265 (base 15) to base 10
-545
What is 15222 (base 9) in base 10?
10388
What is -415 (base 9) in base 8?
-522
4064a (base 12) to base 14
227c6
Convert 3241 (base 5) to base 10.
446
-49a (base 12) to base 5
-10234
What is -10122222 (base 3) in base 6?
-20212
What is 100000002 (base 3) in base 2?
1100110100011
-8d (base 14) to base 6
-325
Convert 7133 (base 11) to base 6.
111510
What is a018 (base 15) in base 2?
1000001111101101
614 (base 9) to base 7
1312
-763 (base 12) to base 10
-1083
What is 32243 (base 6) in base 15?
1499
What is -5730 (base 14) in base 3?
-202202112
2967 (base 12) to base 14
1a91
What is 1304043 (base 5) in base 4?
12032303
What is -237 (base 11) in base 6?
-1150
Convert -9292 (base 15) to base 2.
-111100011110010
Convert -4514 (base 7) to base 5.
-23003
12ba (base 15) to base 6
30304
-5a (base 12) to base 11
-64
Convert -3515 (base 6) to base 5.
-11324
Convert 11a (base 13) to base 6.
520
Convert bc (base 13) to base 11.
131
5122 (base 8) to base 13
1283
Convert -295 (base 12) to base 15.
-1bb
Convert -537 (base 10) to base 13.
-324
Convert 2454 (base 7) to base 14.
49b
101100001 (base 2) to base 9
432
Convert 41b8 (base 12) to base 9.
10775
What is -1183 (base 16) in base 14?
-18c3
-101011111101 (base 2) to base 16
-afd
1119 (base 10) to base 11
928
Convert -10111000010 (base 2) to base 3.
-2000121
What is -27c (base 14) in base 5?
-4002
What is 504a (base 13) in base 5?
323142
Convert 334 (base 7) to base 10.
172
Convert -412a (base 12) to base 4.
-1232302
1837 (base 10) to base 8
3455
Convert -14536 (base 14) to base 3.
-2120011102
What is -136 (base 9) in base 11?
-a4
-110000 (base 2) to base 7
-66
What is -aab (base 16) in base 14?
-dd1
Convert 2c2 (base 14) to base 3.
202211
Convert -13300 (base 8) to base 3.
-21222201
Convert 157 (base 9) to base 6.
341
Convert -455153 (base 6) to base 2.
-1001011101001101
What is 21 (base 16) in base 3?
1020
578 (base 9) to base 14
260
Convert -45131 (base 6) to base 14.
-2435
Convert -10111110 (base 2) to base 16.
-be
What is -234 (base 16) in base 13?
-345
12011333 (base 4) to base 3
1021020102
What is -12a (base 15) in base 11?
-221
Convert -4640 (base 9) to base 6.
-23530
220033 (base 5) to base 10
7518
What is 113103 (base 7) in base 8?
47501
-1ddb (base 16) to base 10
-7643
-97e (base 16) to base 7
-10041
What is -60e (base 16) in base 6?
-11102
What is 42 (base 15) in base 2?
111110
What is 2c76 (base 14) in base 3?
101220020
23685 (base 11) to base 13
12698
What is -372 (base 11) in base 8?
-672
Convert -195d (base 14) to base 4.
-1013233
103031 (base 4) to base 3
1200112
Convert -718 (base 9) to base 4.
-21020
107 (base 9) to base 7
154
Convert -1610 (base 7) to base 13.
-3a7
Convert 46 (base 10) to base 8.
56
-101072 (base 9) to base 4
-32213003
What is 21 (base 8) in base 14?
13
11101010011 (base 2) to base 10
1875
-1472 (base 8) to base 14
-430
What is 1144 (base 5) in base 8?
256
210 (base 14) to base 5
3111
Convert 1213310 (base 4) to base 5.
203034
What is bfc (base 16) in base 14?
1192
Convert 1334 (base 7) to base 15.
245
-6b (base 16) to base 15
-72
What is -8318 (base 9) in base 13?
-2a08
Convert 1c7 (base 16) to base 4.
13013
23323 (base 6) to base 15
ee3
What is 1130113 (base 4) in base 13?
28c9
Convert 5730 (base 8) to base 2.
101111011000
Convert -a90 (base 14) to base 2.
-100000100110
What is 2738 (base 9) in base 2?
100000001100
What is -55 (base 11) in base 7?
-114
What is 12222002 (base 3) in base 15?
144e
Convert -397 (base 12) to base 5.
-4142
Convert 131 (base 5) to base 7.
56
Convert -c99c (base 13) to base 9.
-42376
332050 (base 7) to base 6
1130041
What is 32b8 (base 15) in base 11?
8091
Convert 1b9b (base 14) to base 16.
13ad
-489 (base 12) to base 16
-2a9
2002 (base 6) to base 11
365
What is 21b (base 14) in base 6?
1533
-133320 (base 7) to base 2
-110001001110000
What is 1116 (base 9) in base 10?
825
What is 65d (base 16) in base 11?
1251
-31 (base 6) to base 2
-10011
Convert -145443 (base 6) to base 7.
-56301
Convert 12550 (base 7) to base 10.
3367
-1044 (base 7) to base 2
-101110111
What is -636 (base 14) in base 6?
-5400
-315 (base 7) to base 9
-186
Convert 301 (base 4) to base 7.
100
What is -250 (base 8) in base 12?
-120
1134 (base 12) to base 5
30122
-1053 (base 7) to base 2
-101111101
What is -b83 (base 13) in base 9?
-2624
What is 18a (base 14) in base 3?
102210
What is -4637 (base 9) in base 7?
-13006
132120 (base 5) to base 16
14a5
Convert 11101011000 (base 2) to base 7.
5324
33110 (base 9) to base 13
9cc3
Convert -a41 (base 13) to base 12.
-1013
cc4 (base 16) to base 9
4431
-1159 (base 12) to base 3
-2122220
What is 40742 (base 8) in base 6?
210030
What is -a2b6 (base 15) in base 5?
-2044441
What is 4cdb (base 14) in base 15?
4016
Convert -13434 (base 7) to base 12.
-2143
324 (base 11) to base 5
3024
-234242 (base 6) to base 11
-14368
What is -195 (base 11) in base 14?
-121
-134 (base 6) to base 13
-46
a20 (base 11) to base 7
3410
-2265 (base 7) to base 14
-435
What is -313232 (base 4) in base 15?
-10cb
What is -3a2 (base 13) in base 12?
-453
Convert 10011001010100 (base 2) to base 10.
9812
Convert 3002303 (base 4) to base 15.
3a62
Convert -107088 (base 9) to base 16.
-fae8
-1549b (base 12) to base 13
-108c2
23021 (base 5) to base 3
2020121
-11c5 (base 14) to base 15
-dc8
What is 928 (base 13) in base 14?
7d1
What is -6de7 (base 15) in base 3?
-1012002101
What is -b4 (base 13) in base 7?
-300
What is -890a (base 12) in base 5?
-441010
-4042 (base 5) to base 15
-24c
1000000100010011 (base 2) to base 9
50284
Convert 220340 (base 5) to base 16.
1dab
What is 4b4 (base 13) in base 3?
1010111
What is -1000101 (base 2) in base 15?
-49
What is -548 (base 9) in base 5?
-3244
-2ad (base 14) to base 12
-395
Convert -1031 (base 9) to base 4.
-23311
Convert -137 (base 12) to base 7.
-355
3075 (base 11) to base 12
2437
4214 (base 5) to base 8
1057
-2000331 (base 4) to base 7
-33030
Convert -42555 (base 7) to base 11.
-7a44
-240020 (base 5) to base 4
-2020320
What is 8890 (base 10) in base 7?
34630
-438 (base 10) to base 5
-3223
-16056 (base 8) to base 6
-53222
5652 (base 8) to base 12
188a
-49aa (base 12) to base 15
-270d
121221 (base 3) to base 10
457
Convert 18623 (base 10) to base 16.
48bf
-10102 (base 5) to base 6
-3004
7a8 (base 11) to base 6
4245
Convert 320365 (base 7) to base 13.
1c2bb
11212220 (base 3) to base 9
4786
What is 398 (base 16) in base 14?
49a
What is 10 (base 2) in base 10?
2
What is 7717 (base 8) in base 5?
112142
What is -a13 (base 13) in base 15?
-78b
-3a9a (base 11) to base 14
-1d16
809a (base 11) to base 13
4b86
-5634 (base 12) to base 2
-10010101001000
-1706 (base 8) to base 5
-12331
Convert 1211433 (base 5) to base 10.
22743
Convert 3103 (base 5) to base 10.
403
What is -14425 (base 6) in base 7?
-6524
Convert 1072 (base 10) to base 8.
2060
-33140 (base 5) to base 6
-14343
Convert 1200103 (base 4) to base 3.
22110021
-38165 (base 10) to base 12
-1a105
4b7 (base 12) to base 10
715
25 (base 10) to base 15
1a
Convert -210110120 (base 3) to base 4.
-3310200
-42903 (base 11) to base 16
-f36e
Convert -23856 (